{"id":258,"date":"2019-06-24T21:18:34","date_gmt":"2019-06-24T21:18:34","guid":{"rendered":"https:\/\/leap-dynamics.com\/?page_id=258"},"modified":"2025-03-09T11:31:04","modified_gmt":"2025-03-09T10:31:04","slug":"data-science-2","status":"publish","type":"page","link":"https:\/\/leap-dynamics.com\/?page_id=258&lang=de","title":{"rendered":"DATA SCIENCE UND KI"},"content":{"rendered":"\n<p style=\"font-size:17px\">Leap Dynamics spezialisiert sich auf ma\u00dfgeschneiderte L\u00f6sungen f\u00fcr Datenanalyse, Datenvisualisierung, Bioinformatik, Statistik und Beratung. Der Einsatz modernster Tools und Technologien stellt sicher, dass unsere Kunden die pr\u00e4ziseste und aufschlussreichste Datenanalyse erhalten.<\/p>\n\n\n\n<p style=\"font-size:17px\">Wir verstehen, dass jede Organisation einzigartige Anforderungen und Ziele hat. Unser Team aus Experten f\u00fcr Data Science und Bioinformatik unterst\u00fctzt Sie und Ihre Organisation dabei, komplexe Datens\u00e4tze in umsetzbare Erkenntnisse zu verwandeln. Wir bef\u00e4higen Unternehmen und Organisationen, fundierte Entscheidungen durch hochmoderne Datenanalyse- und Visualisierungstools zu treffen.<\/p>\n\n\n\n<p style=\"font-size:17px\">Kontaktieren Sie uns noch heute, um mehr dar\u00fcber zu erfahren, wie wir Ihnen helfen k\u00f6nnen, Ihre Daten in verwertbare Erkenntnisse umzuwandeln.<\/p>\n\n\n\n<figure class=\"wp-block-image size-large\"><img loading=\"lazy\" decoding=\"async\" width=\"1024\" height=\"520\" src=\"https:\/\/leap-dynamics.com\/wp-content\/uploads\/2024\/10\/Screenshot-2024-10-17-112133-1024x520.png\" alt=\"\" class=\"wp-image-535\" srcset=\"https:\/\/leap-dynamics.com\/wp-content\/uploads\/2024\/10\/Screenshot-2024-10-17-112133-1024x520.png 1024w, https:\/\/leap-dynamics.com\/wp-content\/uploads\/2024\/10\/Screenshot-2024-10-17-112133-300x152.png 300w, https:\/\/leap-dynamics.com\/wp-content\/uploads\/2024\/10\/Screenshot-2024-10-17-112133-768x390.png 768w, https:\/\/leap-dynamics.com\/wp-content\/uploads\/2024\/10\/Screenshot-2024-10-17-112133.png 1525w\" sizes=\"auto, (max-width: 767px) 89vw, (max-width: 1000px) 54vw, (max-width: 1071px) 543px, 580px\" \/><\/figure>\n\n\n\n<hr class=\"wp-block-separator has-alpha-channel-opacity\"\/>\n\n\n\n<p class=\"has-text-align-center\" style=\"font-size:17px\">Branchen, die wir betreuen:<\/p>\n\n\n\n<figure class=\"wp-block-image size-large\"><img loading=\"lazy\" decoding=\"async\" width=\"1024\" height=\"605\" src=\"https:\/\/leap-dynamics.com\/wp-content\/uploads\/2024\/10\/Screenshot-2024-10-17-114226-1024x605.png\" alt=\"\" class=\"wp-image-537\" srcset=\"https:\/\/leap-dynamics.com\/wp-content\/uploads\/2024\/10\/Screenshot-2024-10-17-114226-1024x605.png 1024w, https:\/\/leap-dynamics.com\/wp-content\/uploads\/2024\/10\/Screenshot-2024-10-17-114226-300x177.png 300w, https:\/\/leap-dynamics.com\/wp-content\/uploads\/2024\/10\/Screenshot-2024-10-17-114226-768x454.png 768w, https:\/\/leap-dynamics.com\/wp-content\/uploads\/2024\/10\/Screenshot-2024-10-17-114226.png 1482w\" sizes=\"auto, (max-width: 767px) 89vw, (max-width: 1000px) 54vw, (max-width: 1071px) 543px, 580px\" \/><\/figure>\n\n\n\n<p><\/p>\n\n\n\n<hr class=\"wp-block-separator has-alpha-channel-opacity\"\/>\n\n\n\n<p style=\"font-size:17px\"><mark style=\"background-color:rgba(0, 0, 0, 0)\" class=\"has-inline-color has-white-color\">.<\/mark><\/p>\n\n\n\n<figure class=\"wp-block-image size-large\"><img loading=\"lazy\" decoding=\"async\" width=\"1024\" height=\"681\" src=\"https:\/\/leap-dynamics.com\/wp-content\/uploads\/2023\/04\/figure9-1-1-1024x681.png\" alt=\"\" class=\"wp-image-500\" srcset=\"https:\/\/leap-dynamics.com\/wp-content\/uploads\/2023\/04\/figure9-1-1-1024x681.png 1024w, https:\/\/leap-dynamics.com\/wp-content\/uploads\/2023\/04\/figure9-1-1-300x200.png 300w, https:\/\/leap-dynamics.com\/wp-content\/uploads\/2023\/04\/figure9-1-1-768x511.png 768w, https:\/\/leap-dynamics.com\/wp-content\/uploads\/2023\/04\/figure9-1-1-1536x1022.png 1536w, https:\/\/leap-dynamics.com\/wp-content\/uploads\/2023\/04\/figure9-1-1-2048x1362.png 2048w\" sizes=\"auto, (max-width: 767px) 89vw, (max-width: 1000px) 54vw, (max-width: 1071px) 543px, 580px\" \/><\/figure>\n\n\n\n<p style=\"font-size:17px\"><strong>Datenanalyse<\/strong><\/p>\n\n\n\n<p style=\"font-size:17px\">Unser Team von Datenexperten verf\u00fcgt \u00fcber umfangreiche Erfahrung in der Durchf\u00fchrung von Datenanalysen mit R und Python in verschiedenen Bereichen, darunter Gesundheitswesen, Forschung, Wirtschaft, Finanzen und mehr. Wir setzen unser Wissen in den Bereichen Statistik, Datenwissenschaft und maschinelles Lernen ein, um ma\u00dfgeschneiderte L\u00f6sungen zu entwickeln, die den spezifischen Anforderungen unserer Kunden gerecht werden.<\/p>\n\n\n\n<p style=\"font-size:17px\"><mark style=\"background-color:rgba(0, 0, 0, 0)\" class=\"has-inline-color has-white-color\">.<\/mark><\/p>\n\n\n\n<p style=\"font-size:17px\"><strong>Datenvisualisierung und Dashboards<\/strong><\/p>\n\n\n\n<p style=\"font-size:17px\">Wir bieten die Entwicklung und das Hosting kundenspezifischer Dashboards zur Datenanalyse und -Visualisierung an.<\/p>\n\n\n\n<p style=\"font-size:17px\">Unsere Datenvisualisierungsdienste sollen Ihnen dabei helfen, komplexe Daten auf leicht verst\u00e4ndliche Weise zu kommunizieren. Wir arbeiten eng mit Ihrem Team zusammen, um die wichtigsten Erkenntnisse zu ermitteln, die Ihre Daten liefern k\u00f6nnen, und entwerfen Visualisierungen, die diese Erkenntnisse effektiv an Ihre Interessengruppen vermitteln. Ganz gleich, ob Sie interaktive Dashboards, benutzerdefinierte Berichte oder Infografiken ben\u00f6tigen &#8211; wir verf\u00fcgen \u00fcber das Fachwissen, um beeindruckende Visualisierungen zu erstellen, die zum Handeln anregen.<\/p>\n\n\n\n<p style=\"font-size:17px\"><mark style=\"background-color:rgba(0, 0, 0, 0)\" class=\"has-inline-color has-white-color\">.<\/mark><\/p>\n\n\n\n<p style=\"font-size:17px\"><strong>Berichte<\/strong><\/p>\n\n\n\n<p style=\"font-size:17px\">Datenanalysen sind nur dann wertvoll, wenn sie von klaren und gut strukturierten Berichten begleitet werden. Deshalb legen wir gro\u00dfen Wert auf die Erstellung von Berichten, die pr\u00e4zise, relevant und leicht zu verstehen sind. Die Berichte sind auf die Bed\u00fcrfnisse und Ziele unserer Kunden zugeschnitten und pr\u00e4sentieren die Daten in einer klaren zug\u00e4nglichen Struktur, welche sowohl intern als auch extern genutzt werden kann.<\/p>\n\n\n\n<p style=\"font-size:17px\"><mark style=\"background-color:rgba(0, 0, 0, 0)\" class=\"has-inline-color has-white-color\">.<\/mark><\/p>\n\n\n\n<p style=\"font-size:17px\"><strong>Beratung<\/strong><\/p>\n\n\n\n<p style=\"font-size:17px\">Unsere Beratungsdienste sind auf die Bereiche Datenanalyse, Datenvisualisierung, Bioinformatik und Statistik spezialisiert.<\/p>\n\n\n\n<p style=\"font-size:17px\">Sie haben eine Idee oder ein Projekt und wissen nicht, wie Sie anfangen sollen? Oder Sie haben Daten und fragen sich, welche Analyseans\u00e4tze m\u00f6glich sind? Wir helfen Ihnen gerne &#8211; schreiben Sie uns an: info@leap-dynamics.com<\/p>\n\n\n\n<p><\/p>\n\n\n\n<p><\/p>\n\n\n\n<p style=\"font-size:17px\"><strong>DEMN\u00c4CHST: KI-Compliance-Schulung f\u00fcr Ihr Unternehmen<\/strong><\/p>\n\n\n\n<p style=\"font-size:17px\">Mit dem Inkrafttreten des KI-Gesetzes der Europ\u00e4ischen Union im Jahr 2024 m\u00fcssen Unternehmen sicherstellen, dass ihre Teams nicht nur in der Lage sind, die neuen Vorschriften einzuhalten, sondern auch im KI-getriebenen Markt erfolgreich agieren. Unser demn\u00e4chst verf\u00fcgbarer KI-Compliance-Schulungsservice ist darauf ausgelegt, Ihr Team dabei zu unterst\u00fctzen, diese neuen Anforderungen effizient und effektiv zu bew\u00e4ltigen und zu meistern.<\/p>\n\n\n\n<p style=\"font-size:17px\">Bleiben Sie der Entwicklung einen Schritt voraus, indem Sie sich f\u00fcr einen fr\u00fchen Zugriff auf unsere Schulungsmodule und exklusive Einblicke in das KI-Gesetz anmelden. Stellen Sie sicher, dass Ihr Unternehmen vorbereitet, regelkonform und wettbewerbsf\u00e4hig ist, w\u00e4hrend die neuen Vorschriften in Kraft treten.<br><br>User Angebot richtet sich an Unternehmen und Organisationen innerhalb der EU sowie an Unternehmen und Organisationen, die KI-L\u00f6sungen in der EU anbieten m\u00f6chten. Unsere Hauptzielgruppe umfasst Compliance-Beauftragte, IT-Manager und Entscheidungstr\u00e4ger in Branchen, die von KI-Regulierungen betroffen sind. Wir unterst\u00fctzen Sie dabei, sich im sich wandelnden regulatorischen Umfeld zurechtzufinden und gleichzeitig innovative KI-L\u00f6sungen erfolgreich zu implementieren.<\/p>\n\n\n\n<p style=\"font-size:17px\">Wir bieten an:<\/p>\n\n\n\n<figure class=\"wp-block-image size-large\"><img loading=\"lazy\" decoding=\"async\" width=\"1024\" height=\"491\" src=\"https:\/\/leap-dynamics.com\/wp-content\/uploads\/2024\/10\/Screenshot-2024-10-17-115955-1-1024x491.png\" alt=\"\" class=\"wp-image-541\" srcset=\"https:\/\/leap-dynamics.com\/wp-content\/uploads\/2024\/10\/Screenshot-2024-10-17-115955-1-1024x491.png 1024w, https:\/\/leap-dynamics.com\/wp-content\/uploads\/2024\/10\/Screenshot-2024-10-17-115955-1-300x144.png 300w, https:\/\/leap-dynamics.com\/wp-content\/uploads\/2024\/10\/Screenshot-2024-10-17-115955-1-768x368.png 768w, https:\/\/leap-dynamics.com\/wp-content\/uploads\/2024\/10\/Screenshot-2024-10-17-115955-1.png 1453w\" sizes=\"auto, (max-width: 767px) 89vw, (max-width: 1000px) 54vw, (max-width: 1071px) 543px, 580px\" \/><\/figure>\n","protected":false},"excerpt":{"rendered":"<p>Leap Dynamics spezialisiert sich auf ma\u00dfgeschneiderte L\u00f6sungen f\u00fcr Datenanalyse, Datenvisualisierung, Bioinformatik, Statistik und Beratung. Der Einsatz modernster Tools und Technologien stellt sicher, dass unsere Kunden die pr\u00e4ziseste und aufschlussreichste Datenanalyse &hellip; <\/p>\n<p class=\"link-more\"><a href=\"https:\/\/leap-dynamics.com\/?page_id=258&#038;lang=de\" class=\"more-link\">Continue reading<span class=\"screen-reader-text\"> &#8220;DATA SCIENCE UND KI&#8221;<\/span><\/a><\/p>\n","protected":false},"author":2,"featured_media":0,"parent":0,"menu_order":0,"comment_status":"closed","ping_status":"closed","template":"","meta":{"om_disable_all_campaigns":false,"_monsterinsights_skip_tracking":false,"_monsterinsights_sitenote_active":false,"_monsterinsights_sitenote_note":"","_monsterinsights_sitenote_category":0,"footnotes":""},"class_list":["post-258","page","type-page","status-publish","hentry"],"aioseo_notices":[],"_links":{"self":[{"href":"https:\/\/leap-dynamics.com\/index.php?rest_route=\/wp\/v2\/pages\/258","targetHints":{"allow":["GET"]}}],"collection":[{"href":"https:\/\/leap-dynamics.com\/index.php?rest_route=\/wp\/v2\/pages"}],"about":[{"href":"https:\/\/leap-dynamics.com\/index.php?rest_route=\/wp\/v2\/types\/page"}],"author":[{"embeddable":true,"href":"https:\/\/leap-dynamics.com\/index.php?rest_route=\/wp\/v2\/users\/2"}],"replies":[{"embeddable":true,"href":"https:\/\/leap-dynamics.com\/index.php?rest_route=%2Fwp%2Fv2%2Fcomments&post=258"}],"version-history":[{"count":12,"href":"https:\/\/leap-dynamics.com\/index.php?rest_route=\/wp\/v2\/pages\/258\/revisions"}],"predecessor-version":[{"id":590,"href":"https:\/\/leap-dynamics.com\/index.php?rest_route=\/wp\/v2\/pages\/258\/revisions\/590"}],"wp:attachment":[{"href":"https:\/\/leap-dynamics.com\/index.php?rest_route=%2Fwp%2Fv2%2Fmedia&parent=258"}],"curies":[{"name":"wp","href":"https:\/\/api.w.org\/{rel}","templated":true}]}}