{"id":215,"date":"2019-06-24T11:55:44","date_gmt":"2019-06-24T11:55:44","guid":{"rendered":"https:\/\/leap-dynamics.com\/?page_id=215"},"modified":"2023-04-17T19:05:17","modified_gmt":"2023-04-17T18:05:17","slug":"kontakt","status":"publish","type":"page","link":"https:\/\/leap-dynamics.com\/?page_id=215&lang=de","title":{"rendered":"KONTAKT"},"content":{"rendered":"\n<p><mark style=\"background-color:rgba(0, 0, 0, 0)\" class=\"has-inline-color has-white-color\">.<\/mark><\/p>\n\n\n<div class=\"wp-block-image\">\n<figure class=\"aligncenter size-large is-resized\"><img loading=\"lazy\" decoding=\"async\" src=\"https:\/\/leap-dynamics.com\/wp-content\/uploads\/2023\/04\/LOGO-1-1024x609.png\" alt=\"\" class=\"wp-image-412\" width=\"256\" height=\"152\" srcset=\"https:\/\/leap-dynamics.com\/wp-content\/uploads\/2023\/04\/LOGO-1-1024x609.png 1024w, https:\/\/leap-dynamics.com\/wp-content\/uploads\/2023\/04\/LOGO-1-300x178.png 300w, https:\/\/leap-dynamics.com\/wp-content\/uploads\/2023\/04\/LOGO-1-768x457.png 768w, https:\/\/leap-dynamics.com\/wp-content\/uploads\/2023\/04\/LOGO-1-1536x913.png 1536w, https:\/\/leap-dynamics.com\/wp-content\/uploads\/2023\/04\/LOGO-1-2048x1217.png 2048w\" sizes=\"auto, (max-width: 256px) 100vw, 256px\" \/><\/figure>\n<\/div>\n\n\n<p class=\"has-text-align-center has-small-font-size\"><strong>Leap Dynamics GmbH<\/strong><\/p>\n\n\n\n<p class=\"has-text-align-center has-small-font-size\">Scharnhorststra\u00dfe 24<\/p>\n\n\n\n<p class=\"has-text-align-center has-small-font-size\">10115 Berlin<\/p>\n\n\n\n<p><mark style=\"background-color:rgba(0, 0, 0, 0)\" class=\"has-inline-color has-white-color\">.<\/mark><\/p>\n\n\n\n<p class=\"has-text-align-center has-small-font-size\">Telefon: +49 (0) 30 62939513 <\/p>\n\n\n\n<p class=\"has-text-align-center has-small-font-size\">E-Mail: info@leap-dynamics.com<\/p>\n\n\n\n<p><mark style=\"background-color:rgba(0, 0, 0, 0)\" class=\"has-inline-color has-white-color\">.<\/mark><\/p>\n\n\n\n<p><mark style=\"background-color:rgba(0, 0, 0, 0)\" class=\"has-inline-color has-white-color\">.<\/mark><\/p>\n\n\n\n<p><mark style=\"background-color:rgba(0, 0, 0, 0)\" class=\"has-inline-color has-white-color\">.<\/mark><\/p>\n\n\n\n<p class=\"has-medium-font-size\"><strong>IMPRESSUM<\/strong><\/p>\n\n\n\n<p class=\"has-small-font-size\"><mark style=\"background-color:rgba(0, 0, 0, 0)\" class=\"has-inline-color has-black-color\">FIRMENNAME UND RECHTSFORM:<\/mark><\/p>\n\n\n\n<p class=\"has-small-font-size\">Leap Dynamics GmbH<\/p>\n\n\n\n<p><mark style=\"background-color:rgba(0, 0, 0, 0)\" class=\"has-inline-color has-white-color\">.<\/mark><\/p>\n\n\n\n<p class=\"has-small-font-size\">VOLLST\u00c4NDIGE ANSCHRIFT:<\/p>\n\n\n\n<p class=\"has-text-align-left has-small-font-size\">Scharnhorststra\u00dfe 24<\/p>\n\n\n\n<p class=\"has-text-align-left has-small-font-size\">10115 Berlin<\/p>\n\n\n\n<p><mark style=\"background-color:rgba(0, 0, 0, 0)\" class=\"has-inline-color has-white-color\">.<\/mark><\/p>\n\n\n\n<p class=\"has-text-align-left has-small-font-size\">KONTAKTM\u00d6GLICHKEIT:<\/p>\n\n\n\n<p class=\"has-text-align-left has-small-font-size\">Telefon: +49 (0) 30 62939513 <\/p>\n\n\n\n<p class=\"has-text-align-left has-small-font-size\">E-Mail: info@leap-dynamics.com<\/p>\n\n\n\n<p><mark style=\"background-color:rgba(0, 0, 0, 0)\" class=\"has-inline-color has-white-color\">.<\/mark><\/p>\n\n\n\n<p class=\"has-small-font-size\">GESCH\u00c4FTSF\u00dcHRER:       <\/p>\n\n\n\n<p class=\"has-small-font-size\">Magdalena Genov<\/p>\n\n\n\n<p class=\"has-small-font-size\">Dr. rer. nat. Nikolai N. Genov<\/p>\n\n\n\n<p class=\"has-small-font-size\"><mark style=\"background-color:rgba(0, 0, 0, 0)\" class=\"has-inline-color has-white-color\">.<\/mark>                              <\/p>\n\n\n\n<p class=\"has-small-font-size\">Wir sind zur Teilnahme an einem Streitbeilegungsverfahren vor einer Verbraucherschlichtungsstelle weder verpflichtet noch bereit.<\/p>\n\n\n\n<p><mark style=\"background-color:rgba(0, 0, 0, 0)\" class=\"has-inline-color has-white-color\">.<\/mark><\/p>\n\n\n\n<p><mark style=\"background-color:rgba(0, 0, 0, 0)\" class=\"has-inline-color has-white-color\">.<\/mark><\/p>\n\n\n\n<p><mark style=\"background-color:rgba(0, 0, 0, 0)\" class=\"has-inline-color has-white-color\">.<\/mark><\/p>\n\n\n\n<p class=\"has-medium-font-size\"><strong>DATENSCHUTZ<\/strong><\/p>\n\n\n\n<p class=\"has-small-font-size\">Diese Website verwendet Cookies, um Ihre Erfahrung zu verbessern, w\u00e4hrend Sie durch die Website navigieren. Von diesen Cookies werden die Cookies, die als notwendig eingestuft werden, in Ihrem Browser gespeichert, da sie f\u00fcr das Funktionieren der grundlegenden Funktionen der Website unerl\u00e4sslich sind. Wir verwenden auch Cookies von Dritten, die uns helfen zu analysieren und zu verstehen, wie Sie diese Website nutzen. Diese Cookies werden nur mit Ihrer Zustimmung in Ihrem Browser gespeichert. Sie haben auch die M\u00f6glichkeit, diese Cookies abzulehnen. Das Ablehnen einiger dieser Cookies kann jedoch Auswirkungen auf Ihr Surferlebnis haben.<\/p>\n\n\n\n<p class=\"has-small-font-size\">TECHNISCH NOTWENDIGE COOKIES (immer aktiv): Notwendige Cookies sind f\u00fcr das ordnungsgem\u00e4\u00dfe Funktionieren der Website unbedingt erforderlich. Zu dieser Kategorie geh\u00f6ren nur Cookies, die grundlegende Funktionalit\u00e4ten und Sicherheitsmerkmale der Website gew\u00e4hrleisten. Diese Cookies speichern keine pers\u00f6nlichen Informationen.<\/p>\n\n\n\n<p class=\"has-small-font-size\">NICHT NOTWENDIGE COOKIES: Alle Cookies, die f\u00fcr das Funktionieren der Website nicht unbedingt erforderlich sind und speziell f\u00fcr die Sammlung personenbezogener Daten der Nutzer \u00fcber Analysen, Anzeigen oder andere eingebettete Inhalte verwendet werden, werden als nicht erforderliche Cookies bezeichnet. Es ist zwingend erforderlich, die Zustimmung der Nutzer einzuholen, bevor diese Cookies auf unserer Website eingesetzt werden.<\/p>\n\n\n\n<p class=\"has-small-font-size\">Folgende Cookies werden gespeichert:<\/p>\n\n\n\n<ul class=\"wp-block-list\">\n<li class=\"has-small-font-size\">viewed_cookie_policy<\/li>\n\n\n\n<li class=\"has-small-font-size\">cookielawinfo-checkbox-non-necessary<\/li>\n\n\n\n<li class=\"has-small-font-size\">cookielawinfo-checkbox-necessary<\/li>\n\n\n\n<li class=\"has-small-font-size\">CookieLawInfoConsent<\/li>\n\n\n\n<li class=\"has-small-font-size\">pll_language<\/li>\n<\/ul>\n","protected":false},"excerpt":{"rendered":"<p>. Leap Dynamics GmbH Scharnhorststra\u00dfe 24 10115 Berlin . Telefon: +49 (0) 30 62939513 E-Mail: info@leap-dynamics.com . . . IMPRESSUM FIRMENNAME UND RECHTSFORM: Leap Dynamics GmbH . VOLLST\u00c4NDIGE ANSCHRIFT: Scharnhorststra\u00dfe &hellip; <\/p>\n<p class=\"link-more\"><a href=\"https:\/\/leap-dynamics.com\/?page_id=215&#038;lang=de\" class=\"more-link\">Continue reading<span class=\"screen-reader-text\"> &#8220;KONTAKT&#8221;<\/span><\/a><\/p>\n","protected":false},"author":2,"featured_media":0,"parent":0,"menu_order":0,"comment_status":"closed","ping_status":"closed","template":"","meta":{"om_disable_all_campaigns":false,"_monsterinsights_skip_tracking":false,"_monsterinsights_sitenote_active":false,"_monsterinsights_sitenote_note":"","_monsterinsights_sitenote_category":0,"footnotes":""},"class_list":["post-215","page","type-page","status-publish","hentry"],"aioseo_notices":[],"_links":{"self":[{"href":"https:\/\/leap-dynamics.com\/index.php?rest_route=\/wp\/v2\/pages\/215","targetHints":{"allow":["GET"]}}],"collection":[{"href":"https:\/\/leap-dynamics.com\/index.php?rest_route=\/wp\/v2\/pages"}],"about":[{"href":"https:\/\/leap-dynamics.com\/index.php?rest_route=\/wp\/v2\/types\/page"}],"author":[{"embeddable":true,"href":"https:\/\/leap-dynamics.com\/index.php?rest_route=\/wp\/v2\/users\/2"}],"replies":[{"embeddable":true,"href":"https:\/\/leap-dynamics.com\/index.php?rest_route=%2Fwp%2Fv2%2Fcomments&post=215"}],"version-history":[{"count":23,"href":"https:\/\/leap-dynamics.com\/index.php?rest_route=\/wp\/v2\/pages\/215\/revisions"}],"predecessor-version":[{"id":487,"href":"https:\/\/leap-dynamics.com\/index.php?rest_route=\/wp\/v2\/pages\/215\/revisions\/487"}],"wp:attachment":[{"href":"https:\/\/leap-dynamics.com\/index.php?rest_route=%2Fwp%2Fv2%2Fmedia&parent=215"}],"curies":[{"name":"wp","href":"https:\/\/api.w.org\/{rel}","templated":true}]}}